 is the highest common factor of 180600 and 179310?
1290
What is the highest common divisor of 175 and 4915715?
35
Calculate the greatest common factor of 5577 and 32955.
507
What is the greatest common factor of 14772552 and 7521?
327
What is the highest common divisor of 28816 and 19848?
8
What is the highest common factor of 15834837 and 12?
3
Calculate the highest common factor of 5958 and 1445562729.
2979
Calculate the highest common factor of 21802450 and 100502.
3242
Calculate the greatest common factor of 53480 and 37618.
14
What is the greatest common divisor of 4237488 and 85?
17
Calculate the highest common factor of 856 and 10441381.
107
What is the highest common divisor of 387 and 585058?
43
Calculate the greatest common divisor of 81 and 269099739.
81
Calculate the greatest common factor of 1450508 and 748.
68
Calculate the greatest common factor of 1061690 and 6670.
290
What is the greatest common divisor of 53942 and 24385637?
3853
What is the greatest common divisor of 15622 and 35186?
146
What is the greatest common divisor of 2673144 and 12438?
18
What is the greatest common divisor of 1824811 and 23236?
157
What is the greatest common factor of 36 and 103877577?
9
Calculate the highest common factor of 878415 and 727695.
2355
What is the highest common factor of 24 and 498927396?
12
Calculate the greatest common divisor of 1427990 and 400.
10
What is the greatest common divisor of 22547 and 19648100?
3221
Calculate the greatest common factor of 477801707 and 7669.
7669
Calculate the greatest common factor of 396012960 and 3.
3
Calculate the highest common divisor of 64190371 and 7.
7
Calculate the highest common factor of 13338145 and 665.
5
What is the highest common divisor of 18467730 and 459?
27
Calculate the highest common divisor of 18174 and 1044966.
78
What is the highest common divisor of 16954807 and 3033?
337
What is the greatest common divisor of 15155 and 2600165?
2165
What is the highest common divisor of 440 and 4011590?
110
Calculate the greatest common factor of 80 and 356420.
20
What is the greatest common factor of 14943 and 35343?
51
What is the greatest common divisor of 21254902 and 992?
62
Calculate the greatest common divisor of 21299068 and 84.
28
What is the highest common divisor of 270048 and 139389?
291
Calculate the highest common factor of 305 and 185689429.
61
What is the highest common divisor of 60368 and 61240592?
5488
What is the highest common factor of 267980004 and 36?
36
What is the greatest common divisor of 685 and 120720?
5
Calculate the highest common divisor of 254203 and 1427028.
1091
Calculate the greatest common divisor of 140 and 2058770.
70
What is the greatest common divisor of 6865218 and 6?
6
What is the highest common factor of 31753009 and 76?
19
What is the greatest common factor of 24770 and 596902506?
4954
Calculate the greatest common factor of 11 and 136152797.
11
What is the greatest common factor of 104 and 137674888?
104
Calculate the highest common divisor of 93 and 687346167.
93
What is the greatest common divisor of 1036451 and 1196?
13
What is the greatest common divisor of 229147485 and 63?
21
What is the highest common factor of 13113 and 4081057?
1457
What is the highest common divisor of 12886875 and 760?
5
Calculate the greatest common factor of 1595667 and 464.
29
Calculate the greatest common divisor of 2215660 and 73324.
3188
Calculate the highest common factor of 1890 and 6746985.
315
Calculate the highest common divisor of 9599915 and 133679.
1469
What is the greatest common factor of 3099785 and 9694360?
6695
Calculate the greatest common factor of 2435 and 40080.
5
What is the greatest common factor of 40359228 and 4?
4
What is the highest common factor of 224325 and 66825?
225
Calculate the highest common divisor of 96786666 and 162.
18
Calculate the highest common divisor of 308 and 26433610.
14
Calculate the highest common divisor of 24426921 and 12.
3
Calculate the highest common factor of 126 and 74920.
2
What is the highest common divisor of 1152387 and 52488?
81
What is the highest common divisor of 176397 and 1284348?
39
Calculate the highest common factor of 1146 and 29016720.
1146
Calculate the highest common divisor of 1448994 and 18618.
642
What is the greatest common factor of 1551739 and 91?
7
What is the greatest common factor of 5310 and 5034234?
354
What is the highest common divisor of 24332 and 655952?
44
What is the greatest common divisor of 605 and 240295?
55
Calculate the greatest common factor of 64 and 8371904.
64
Calculate the highest common factor of 1263069 and 6327.
333
What is the greatest common factor of 173849 and 1075?
43
What is the greatest common divisor of 2947906 and 78?
26
What is the greatest common factor of 45090 and 96696?
18
Calculate the greatest common factor of 3577426 and 28478.
982
Calculate the greatest common factor of 1293272 and 424.
8
Calculate the greatest common factor of 3557152 and 160912.
1424
Calculate the greatest common divisor of 600633 and 14179.
11
Calculate the highest common factor of 1404 and 91225719.
117
Calculate the greatest common divisor of 31 and 3349452753.
31
Calculate the highest common divisor of 2573 and 463760093.
2573
Calculate the highest common factor of 7800581 and 122165.
461
Calculate the greatest common factor of 82032431 and 580111.
11839
What is the highest common divisor of 228882492 and 53924?
4148
What is the highest common divisor of 44135 and 360743?
97
What is the greatest common divisor of 270 and 184515606?
18
What is the greatest common divisor of 1410942 and 10686?
78
What is the greatest common factor of 751 and 543407829?
751
What is the highest common factor of 306602 and 46646?
166
Calculate the greatest common divisor of 8910 and 178133175.
4455
What is the greatest common divisor of 2612786 and 867614?
2486
What is the highest common divisor of 260 and 4764695?
65
Calculate the highest common divisor of 373216 and 304736.
3424
What is the highest common factor of 571438056 and 336?
168
Calculate the highest common divisor of 94961545 and 1743.
581
What is the greatest common factor of 242342892 and 132?
132
What is the greatest common divisor of 342 and 2614058?
38
Calculate the highest common divisor of 3 and 40624314.
3
What is the greatest common divisor of 605070 and 2232?
18
Calculate the highest common divisor of 77750342 and 1642.
1642
What is the greatest common factor of 65520 and 289770?
390
What is the highest common factor of 195755 and 13230?
245
What is the highest common divisor of 26614116 and 894?
6
Calculate the highest common factor of 970044 and 573978.
2118
What is the highest common factor of 29936 and 55520?
16
What is the greatest common factor of 1251725949 and 191?
191
What is the highest common factor of 5557158 and 1007?
19
What is the highest common divisor of 224 and 330610?
14
What is the greatest common factor of 24738 and 16786686?
1302
Calculate the highest common factor of 11325 and 1862585.
755
Calculate the greatest common divisor of 41776 and 139790.
14
Calculate the greatest common divisor of 23509101 and 3927.
231
What is the highest common divisor of 2663225 and 725?
25
Calculate the highest common factor of 21 and 152326944.
21
What is the highest common factor of 32029088 and 22984?
1768
What is the highest common divisor of 11014315 and 287145?
3545
What is the highest common factor of 1671050 and 15010?
190
Calculate the greatest common divisor of 728 and 20723696.
56
Calculate the greatest common factor of 30874468 and 201258.
7454
What is the greatest common factor of 12446 and 2954651?
49
Calculate the greatest common factor of 35 and 1275455.
5
Calculate the highest common divisor of 41251 and 6977229.
581
Calculate the highest common divisor of 182 and 5592580.
14
What is the highest common factor of 395 and 262995?
5
What is the highest common divisor of 2298816 and 546?
78
Calculate the greatest common factor of 57680946 and 2985.
597
What is the greatest common factor of 36100511 and 2?
1
Calculate the greatest common divisor of 25136 and 151104.
16
What is the greatest common factor of 3912070 and 296?
2
What is the highest common divisor of 165767 and 1078381?
199
What is the great